{"id":8364,"date":"2023-08-02T15:35:40","date_gmt":"2023-08-02T12:35:40","guid":{"rendered":"https:\/\/grupcam.com.tr\/?post_type=referans&#038;p=8364"},"modified":"2023-08-04T11:52:57","modified_gmt":"2023-08-04T08:52:57","slug":"ankara-yildirim-beyazit-universitesi-15-temmuz-sehitleri-yerleskesi","status":"publish","type":"referans","link":"https:\/\/grupcam.com.tr\/tr\/referans\/ankara-yildirim-beyazit-universitesi-15-temmuz-sehitleri-yerleskesi\/","title":{"rendered":"Ankara Y\u0131ld\u0131r\u0131m Beyaz\u0131t \u00dcniversitesi 15 Temmuz \u015eehitleri Yerle\u015fkesi"},"content":{"rendered":"<p>Ankara\u2019n\u0131n Etlik semtinde yer alan yerle\u015fke binas\u0131n\u0131n yal\u0131t\u0131m camlar\u0131nda \u015ei\u015fecam Helio Mavi ve \u0131s\u0131 kontrol\u00fc sa\u011flayan \u015ei\u015fecam Low-E cam tercih edilmi\u015ftir.<\/p>\n<p><em><strong>Tamamlanma<\/strong>: 2016<\/em><\/p>\n","protected":false},"featured_media":8365,"template":"","class_list":["post-8364","referans","type-referans","status-publish","has-post-thumbnail","hentry"],"acf":[],"_links":{"self":[{"href":"https:\/\/grupcam.com.tr\/tr\/wp-json\/wp\/v2\/referans\/8364","targetHints":{"allow":["GET"]}}],"collection":[{"href":"https:\/\/grupcam.com.tr\/tr\/wp-json\/wp\/v2\/referans"}],"about":[{"href":"https:\/\/grupcam.com.tr\/tr\/wp-json\/wp\/v2\/types\/referans"}],"wp:featuredmedia":[{"embeddable":true,"href":"https:\/\/grupcam.com.tr\/tr\/wp-json\/wp\/v2\/media\/8365"}],"wp:attachment":[{"href":"https:\/\/grupcam.com.tr\/tr\/wp-json\/wp\/v2\/media?parent=8364"}],"curies":[{"name":"wp","href":"https:\/\/api.w.org\/{rel}","templated":true}]}}

Ankara Yıldırım Beyazıt Üniversitesi 15 Temmuz Şehitleri Yerleşkesi

<p>Ankara’nın Etlik semtinde yer alan yerleşke binasının yalıtım camlarında Şişecam Helio Mavi ve ısı kontrolü sağlayan Şişecam Low-E cam tercih edilmiştir.</p>
<p><em><strong>Tamamlanma</strong>: 2016</em></p>
