{"id":8366,"date":"2023-08-02T15:37:03","date_gmt":"2023-08-02T12:37:03","guid":{"rendered":"https:\/\/grupcam.com.tr\/?post_type=referans&#038;p=8366"},"modified":"2023-08-04T11:50:39","modified_gmt":"2023-08-04T08:50:39","slug":"toki-ali-acar-kuzey-ankara","status":"publish","type":"referans","link":"https:\/\/grupcam.com.tr\/tr\/referans\/toki-ali-acar-kuzey-ankara\/","title":{"rendered":"TOK\u0130 Ali Acar Kuzey Ankara"},"content":{"rendered":"<p>Kuzey Ankara b\u00f6lgesindeki en b\u00fcy\u00fck TOK\u0130 projesi olan Ali Acar Konutlar\u0131\u2019n\u0131n t\u00fcm camlar\u0131 Grupcam taraf\u0131ndan \u00fcretilmi\u015ftir.<\/p>\n<p>Projede toplamda 15.000 m\u00b2 \u0131s\u0131 kontrol\u00fc sa\u011flayan \u015ei\u015fecam Low-E kaplamal\u0131 camlarla \u00fcretilen Is\u0131cam S kullan\u0131lm\u0131\u015ft\u0131r.<\/p>\n<p><em><strong>Tamamlanma<\/strong>: 2017<\/em><\/p>\n","protected":false},"featured_media":8367,"template":"","class_list":["post-8366","referans","type-referans","status-publish","has-post-thumbnail","hentry"],"acf":[],"_links":{"self":[{"href":"https:\/\/grupcam.com.tr\/tr\/wp-json\/wp\/v2\/referans\/8366","targetHints":{"allow":["GET"]}}],"collection":[{"href":"https:\/\/grupcam.com.tr\/tr\/wp-json\/wp\/v2\/referans"}],"about":[{"href":"https:\/\/grupcam.com.tr\/tr\/wp-json\/wp\/v2\/types\/referans"}],"wp:featuredmedia":[{"embeddable":true,"href":"https:\/\/grupcam.com.tr\/tr\/wp-json\/wp\/v2\/media\/8367"}],"wp:attachment":[{"href":"https:\/\/grupcam.com.tr\/tr\/wp-json\/wp\/v2\/media?parent=8366"}],"curies":[{"name":"wp","href":"https:\/\/api.w.org\/{rel}","templated":true}]}}

TOKİ Ali Acar Kuzey Ankara

<p>Kuzey Ankara bölgesindeki en büyük TOKİ projesi olan Ali Acar Konutları’nın tüm camları Grupcam tarafından üretilmiştir.</p>
<p>Projede toplamda 15.000 m² ısı kontrolü sağlayan Şişecam Low-E kaplamalı camlarla üretilen Isıcam S kullanılmıştır.</p>
<p><em><strong>Tamamlanma</strong>: 2017</em></p>
