{"id":8380,"date":"2023-08-02T15:50:33","date_gmt":"2023-08-02T12:50:33","guid":{"rendered":"https:\/\/grupcam.com.tr\/?post_type=referans&#038;p=8380"},"modified":"2023-08-04T11:39:20","modified_gmt":"2023-08-04T08:39:20","slug":"duru-beytepe","status":"publish","type":"referans","link":"https:\/\/grupcam.com.tr\/tr\/referans\/duru-beytepe\/","title":{"rendered":"Duru Beytepe"},"content":{"rendered":"<p>Duru Beytepe projesinin Is\u0131cam&#8217;l\u0131 cam balkon \u00fcniteleri Grupcam taraf\u0131ndan \u00fcretilmi\u015ftir. Balkom-n camlamalar\u0131nda 4.600 m\u00b2 \u015ei\u015fecam 6mm Temperlenebilir Solar Low-e N\u00f6tral 62\/44 ile \u00fcretilen Is\u0131cam K Serisi kullan\u0131lm\u0131\u015ft\u0131r.<\/p>\n<p><em><strong>Tamamlanma<\/strong>: 2021<\/em><\/p>\n","protected":false},"featured_media":8381,"template":"","class_list":["post-8380","referans","type-referans","status-publish","has-post-thumbnail","hentry"],"acf":[],"_links":{"self":[{"href":"https:\/\/grupcam.com.tr\/tr\/wp-json\/wp\/v2\/referans\/8380","targetHints":{"allow":["GET"]}}],"collection":[{"href":"https:\/\/grupcam.com.tr\/tr\/wp-json\/wp\/v2\/referans"}],"about":[{"href":"https:\/\/grupcam.com.tr\/tr\/wp-json\/wp\/v2\/types\/referans"}],"wp:featuredmedia":[{"embeddable":true,"href":"https:\/\/grupcam.com.tr\/tr\/wp-json\/wp\/v2\/media\/8381"}],"wp:attachment":[{"href":"https:\/\/grupcam.com.tr\/tr\/wp-json\/wp\/v2\/media?parent=8380"}],"curies":[{"name":"wp","href":"https:\/\/api.w.org\/{rel}","templated":true}]}}

<p>Duru Beytepe projesinin Isıcam&#8217;lı cam balkon üniteleri Grupcam tarafından üretilmiştir. Balkom-n camlamalarında 4.600 m² Şişecam 6mm Temperlenebilir Solar Low-e Nötral 62/44 ile üretilen Isıcam K Serisi kullanılmıştır.</p>
<p><em><strong>Tamamlanma</strong>: 2021</em></p>
