{"id":8396,"date":"2023-08-04T12:01:05","date_gmt":"2023-08-04T09:01:05","guid":{"rendered":"https:\/\/grupcam.com.tr\/?post_type=referans&#038;p=8396"},"modified":"2024-11-04T17:26:32","modified_gmt":"2024-11-04T14:26:32","slug":"merkez-ankara","status":"publish","type":"referans","link":"https:\/\/grupcam.com.tr\/tr\/referans\/merkez-ankara\/","title":{"rendered":"Merkez Ankara"},"content":{"rendered":"<p>1.578 konut ile T\u00fcrkiye\u2018nin en b\u00fcy\u00fck projelerinden olan Merkez Ankara\u2019n\u0131n konut camlar\u0131 Grupcam taraf\u0131ndan \u00fcretilmektedir.<\/p>\n<p>Proje kapsam\u0131nda toplam iki etapta, \u015ei\u015fecam Temperlenebilir Solar Low-E N\u00f6tral 62\/44 ve \u015ei\u015fecam Lamine Cam kombinasyonundan olu\u015fan 40.000 m\u00b2 Is\u0131cam \u00fcretilmektedir.<\/p>\n<p><em><strong>(devam ediyor)<\/strong><\/em><\/p>\n","protected":false},"featured_media":8397,"template":"","class_list":["post-8396","referans","type-referans","status-publish","has-post-thumbnail","hentry"],"acf":[],"_links":{"self":[{"href":"https:\/\/grupcam.com.tr\/tr\/wp-json\/wp\/v2\/referans\/8396","targetHints":{"allow":["GET"]}}],"collection":[{"href":"https:\/\/grupcam.com.tr\/tr\/wp-json\/wp\/v2\/referans"}],"about":[{"href":"https:\/\/grupcam.com.tr\/tr\/wp-json\/wp\/v2\/types\/referans"}],"wp:featuredmedia":[{"embeddable":true,"href":"https:\/\/grupcam.com.tr\/tr\/wp-json\/wp\/v2\/media\/8397"}],"wp:attachment":[{"href":"https:\/\/grupcam.com.tr\/tr\/wp-json\/wp\/v2\/media?parent=8396"}],"curies":[{"name":"wp","href":"https:\/\/api.w.org\/{rel}","templated":true}]}}

<p>1.578 konut ile Türkiye‘nin en büyük projelerinden olan Merkez Ankara’nın konut camları Grupcam tarafından üretilmektedir.</p>
<p>Proje kapsamında toplam iki etapta, Şişecam Temperlenebilir Solar Low-E Nötral 62/44 ve Şişecam Lamine Cam kombinasyonundan oluşan 40.000 m² Isıcam üretilmektedir.</p>
<p><em><strong>(devam ediyor)</strong></em></p>
