{"id":9304,"date":"2024-12-04T14:19:36","date_gmt":"2024-12-04T11:19:36","guid":{"rendered":"https:\/\/grupcam.com.tr\/referans\/anadolu-industrial-zone-trade-centers\/"},"modified":"2024-12-04T14:20:04","modified_gmt":"2024-12-04T11:20:04","slug":"anadolu-osb-ticaret-merkezi","status":"publish","type":"referans","link":"https:\/\/grupcam.com.tr\/tr\/referans\/anadolu-osb-ticaret-merkezi\/","title":{"rendered":"Anadolu OSB Ticaret Merkezi"},"content":{"rendered":"<p>Anadolu Organize Sanayi B\u00f6lgesi kentsel yap\u0131la\u015fma \u00e7al\u0131\u015fmalar\u0131 kapsam\u0131nda in\u015faat\u0131 devam eden ticaret merkezlerinin \u00e7ok katl\u0131 yal\u0131t\u0131m camlar\u0131 Grupcam taraf\u0131ndan \u00fcretilmektedir. Projenin Is\u0131cam K serisi camlar\u0131nda \u015ei\u015fecam Temperlenebilir Solar Low-E N\u00f6tral 50\/33 tercih edilmektedir.<\/p>\n<p><strong><em>(devam ediyor)<\/em><\/strong><\/p>\n","protected":false},"featured_media":9303,"template":"","class_list":["post-9304","referans","type-referans","status-publish","has-post-thumbnail","hentry"],"acf":[],"_links":{"self":[{"href":"https:\/\/grupcam.com.tr\/tr\/wp-json\/wp\/v2\/referans\/9304","targetHints":{"allow":["GET"]}}],"collection":[{"href":"https:\/\/grupcam.com.tr\/tr\/wp-json\/wp\/v2\/referans"}],"about":[{"href":"https:\/\/grupcam.com.tr\/tr\/wp-json\/wp\/v2\/types\/referans"}],"wp:featuredmedia":[{"embeddable":true,"href":"https:\/\/grupcam.com.tr\/tr\/wp-json\/wp\/v2\/media\/9303"}],"wp:attachment":[{"href":"https:\/\/grupcam.com.tr\/tr\/wp-json\/wp\/v2\/media?parent=9304"}],"curies":[{"name":"wp","href":"https:\/\/api.w.org\/{rel}","templated":true}]}}

<p>Anadolu Organize Sanayi Bölgesi kentsel yapılaşma çalışmaları kapsamında inşaatı devam eden ticaret merkezlerinin çok katlı yalıtım camları Grupcam tarafından üretilmektedir. Projenin Isıcam K serisi camlarında Şişecam Temperlenebilir Solar Low-E Nötral 50/33 tercih edilmektedir.</p>
<p><strong><em>(devam ediyor)</em></strong></p>
