{"id":9308,"date":"2024-12-04T14:21:39","date_gmt":"2024-12-04T11:21:39","guid":{"rendered":"https:\/\/grupcam.com.tr\/referans\/evora-izmir\/"},"modified":"2024-12-04T14:22:46","modified_gmt":"2024-12-04T11:22:46","slug":"evora-izmir","status":"publish","type":"referans","link":"https:\/\/grupcam.com.tr\/tr\/referans\/evora-izmir\/","title":{"rendered":"Evora \u0130zmir"},"content":{"rendered":"<p>\u0130zmir Alsancak\u2019ta yer alan projenin \u00fc\u00e7\u00fcnc\u00fc etap \u00e7ok katl\u0131 yal\u0131t\u0131m camlar\u0131 Grupcam taraf\u0131ndan \u00fcretilecektir. Projede \u0131s\u0131 ve g\u00fcne\u015f kontrol\u00fc sa\u011flayan \u015ei\u015fecam Temperlenebilir Solar Low-E 50\/33 kaplamal\u0131 camlar kullan\u0131lacakt\u0131r. Projenin Is\u0131cam K Serisi cam \u00fcniteleri, warmedge yal\u0131t\u0131ml\u0131 \u00e7\u0131ta kullan\u0131larak \u00fcretilecektir.<\/p>\n<p><strong><em>(devam ediyor)<\/em><\/strong><\/p>\n","protected":false},"featured_media":9307,"template":"","class_list":["post-9308","referans","type-referans","status-publish","has-post-thumbnail","hentry"],"acf":[],"_links":{"self":[{"href":"https:\/\/grupcam.com.tr\/tr\/wp-json\/wp\/v2\/referans\/9308","targetHints":{"allow":["GET"]}}],"collection":[{"href":"https:\/\/grupcam.com.tr\/tr\/wp-json\/wp\/v2\/referans"}],"about":[{"href":"https:\/\/grupcam.com.tr\/tr\/wp-json\/wp\/v2\/types\/referans"}],"wp:featuredmedia":[{"embeddable":true,"href":"https:\/\/grupcam.com.tr\/tr\/wp-json\/wp\/v2\/media\/9307"}],"wp:attachment":[{"href":"https:\/\/grupcam.com.tr\/tr\/wp-json\/wp\/v2\/media?parent=9308"}],"curies":[{"name":"wp","href":"https:\/\/api.w.org\/{rel}","templated":true}]}}

Evora İzmir

<p>İzmir Alsancak’ta yer alan projenin üçüncü etap çok katlı yalıtım camları Grupcam tarafından üretilecektir. Projede ısı ve güneş kontrolü sağlayan Şişecam Temperlenebilir Solar Low-E 50/33 kaplamalı camlar kullanılacaktır. Projenin Isıcam K Serisi cam üniteleri, warmedge yalıtımlı çıta kullanılarak üretilecektir.</p>
<p><strong><em>(devam ediyor)</em></strong></p>
